{"id":12,"date":"2026-01-31T15:09:37","date_gmt":"2026-01-31T14:09:37","guid":{"rendered":"https:\/\/czpmed.pl\/?page_id=12"},"modified":"2026-04-08T13:24:35","modified_gmt":"2026-04-08T11:24:35","slug":"kontakt","status":"publish","type":"page","link":"https:\/\/czpmed.pl\/?page_id=12","title":{"rendered":"Kontakt"},"content":{"rendered":"\n<h2 class=\"wp-block-heading has-text-align-center has-theme-palette-12-color has-text-color has-link-color has-large-font-size wp-elements-37011cbf14bef92a55ae1b25bca3baed\"><strong><br>Jeste\u015bmy tutaj, aby pom\u00f3c. Skontaktuj si\u0119 z Centrum Zdrowia Psychicznego, <br>aby um\u00f3wi\u0107 si\u0119 na wizyt\u0119 lub dowiedzie\u0107 si\u0119 wi\u0119cej o naszych us\u0142ugach. <br>Twoje dobre samopoczucie jest naszym priorytetem.<\/strong><\/h2>\n\n\n\n<div class=\"wp-block-columns alignwide has-medium-font-size is-layout-flex wp-container-core-columns-is-layout-b815d019 wp-block-columns-is-layout-flex\" style=\"padding-right:var(--wp--preset--spacing--80);padding-left:var(--wp--preset--spacing--80)\">\n<div class=\"wp-block-column is-vertically-aligned-top is-layout-flow wp-block-column-is-layout-flow\">\n<div class=\"wp-block-media-text is-stacked-on-mobile is-vertically-aligned-center\" style=\"padding-right:var(--wp--preset--spacing--30);padding-left:var(--wp--preset--spacing--30);grid-template-columns:15% auto\"><figure class=\"wp-block-media-text__media\"><img loading=\"lazy\" decoding=\"async\" width=\"500\" height=\"500\" src=\"https:\/\/czpmed.pl\/wp-content\/uploads\/2026\/02\/TELEFON.png\" alt=\"\" class=\"wp-image-184 size-full\" srcset=\"https:\/\/czpmed.pl\/wp-content\/uploads\/2026\/02\/TELEFON.png 500w, https:\/\/czpmed.pl\/wp-content\/uploads\/2026\/02\/TELEFON-300x300.png 300w, https:\/\/czpmed.pl\/wp-content\/uploads\/2026\/02\/TELEFON-150x150.png 150w\" sizes=\"auto, (max-width: 500px) 100vw, 500px\" \/><\/figure><div class=\"wp-block-media-text__content\">\n<h2 class=\"wp-block-heading has-text-align-left has-theme-palette-11-color has-text-color has-link-color wp-elements-0c6748d15742dc2833f123743d1a1bc9\">512 101 417<\/h2>\n<\/div><\/div>\n<\/div>\n\n\n\n<div class=\"wp-block-column is-vertically-aligned-top is-layout-flow wp-block-column-is-layout-flow\">\n<div class=\"wp-block-media-text is-stacked-on-mobile is-vertically-aligned-center\" style=\"grid-template-columns:15% auto\"><figure class=\"wp-block-media-text__media\"><img loading=\"lazy\" decoding=\"async\" width=\"1024\" height=\"1024\" src=\"https:\/\/czpmed.pl\/wp-content\/uploads\/2026\/02\/ChatGPT-Image-31-sty-2026-14_36_57.png\" alt=\"\" class=\"wp-image-185 size-full\" srcset=\"https:\/\/czpmed.pl\/wp-content\/uploads\/2026\/02\/ChatGPT-Image-31-sty-2026-14_36_57.png 1024w, https:\/\/czpmed.pl\/wp-content\/uploads\/2026\/02\/ChatGPT-Image-31-sty-2026-14_36_57-300x300.png 300w, https:\/\/czpmed.pl\/wp-content\/uploads\/2026\/02\/ChatGPT-Image-31-sty-2026-14_36_57-150x150.png 150w, https:\/\/czpmed.pl\/wp-content\/uploads\/2026\/02\/ChatGPT-Image-31-sty-2026-14_36_57-768x768.png 768w\" sizes=\"auto, (max-width: 1024px) 100vw, 1024px\" \/><\/figure><div class=\"wp-block-media-text__content\">\n<h2 class=\"wp-block-heading has-theme-palette-14-color has-text-color has-link-color wp-elements-691667a6da115697665b920724ae6f2e\">czp@psychicznewsparcie.eu<\/h2>\n<\/div><\/div>\n<\/div>\n<\/div>\n\n\n\n<div class=\"wp-block-group has-medium-font-size has-background\" style=\"padding-right:var(--wp--preset--spacing--70);padding-left:var(--wp--preset--spacing--70);background-image:url(&apos;https:\/\/czpmed.pl\/wp-content\/uploads\/2026\/02\/ChatGPT-Image-31-sty-2026-14_36_57.png&apos;);background-size:cover;\"><div class=\"wp-block-group__inner-container is-layout-constrained wp-container-core-group-is-layout-743c6fa1 wp-block-group-is-layout-constrained\"><style id=\"wpforms-css-vars-208-block-4a3b036f-74b8-4cb4-8fb5-06ae127d024c\">\n\t\t\t\t#wpforms-208.wpforms-block-4a3b036f-74b8-4cb4-8fb5-06ae127d024c {\n\t\t\t\t--wpforms-label-color: rgba(0, 0, 0, 0.85);\n--wpforms-label-sublabel-color: rgba(0, 0, 0, 0.55);\n--wpforms-field-border-size: 2px;\n--wpforms-field-background-color: #e3e3e3;\n--wpforms-field-border-color: #4056eb;\n--wpforms-field-border-color-spare: #4056eb;\n--wpforms-field-text-color: #010500;\n--wpforms-button-border-style: solid;\n--wpforms-field-size-input-height: 43px;\n--wpforms-field-size-input-spacing: 15px;\n--wpforms-field-size-font-size: 16px;\n--wpforms-field-size-line-height: 19px;\n--wpforms-field-size-padding-h: 14px;\n--wpforms-field-size-checkbox-size: 16px;\n--wpforms-field-size-sublabel-spacing: 5px;\n--wpforms-field-size-icon-size: 1;\n--wpforms-label-size-font-size: 16px;\n--wpforms-label-size-line-height: 19px;\n--wpforms-label-size-sublabel-font-size: 14px;\n--wpforms-label-size-sublabel-line-height: 17px;\n--wpforms-button-size-font-size: 17px;\n--wpforms-button-size-height: 41px;\n--wpforms-button-size-padding-h: 15px;\n--wpforms-button-size-margin-top: 10px;\n\t\t\t}\n\t\t\t<\/style><div class=\"wpforms-container wpforms-container-full wpforms-block wpforms-block-4a3b036f-74b8-4cb4-8fb5-06ae127d024c wpforms-render-modern\" id=\"wpforms-208\"><form id=\"wpforms-form-208\" class=\"wpforms-validate wpforms-form wpforms-ajax-form\" data-formid=\"208\" method=\"post\" enctype=\"multipart\/form-data\" action=\"\/index.php?rest_route=%2Fwp%2Fv2%2Fpages%2F12\" data-token=\"1cb9c0206eb139e869fa9e66024aeb19\" data-token-time=\"1776602758\"><div class=\"wpforms-head-container\"><div class=\"wpforms-title\">Formularz Kontaktowy<\/div><\/div><noscript class=\"wpforms-error-noscript\">Please enable JavaScript in your browser to complete this form.<\/noscript><div id=\"wpforms-error-noscript\" style=\"display: none;\">Please enable JavaScript in your browser to complete this form.<\/div><div class=\"wpforms-field-container\"><div id=\"wpforms-208-field_1-container\" class=\"wpforms-field wpforms-field-name\" data-field-id=\"1\"><label class=\"wpforms-field-label\" for=\"wpforms-208-field_1\">Imi\u0119 i nazwisko <span class=\"wpforms-required-label\" aria-hidden=\"true\">*<\/span><\/label><input type=\"text\" id=\"wpforms-208-field_1\" class=\"wpforms-field-medium wpforms-field-required\" name=\"wpforms[fields][1]\" aria-errormessage=\"wpforms-208-field_1-error\" required><\/div>\t\t<div id=\"wpforms-208-field_4-container\"\n\t\t\tclass=\"wpforms-field wpforms-field-text\"\n\t\t\tdata-field-type=\"text\"\n\t\t\tdata-field-id=\"4\"\n\t\t\t>\n\t\t\t<label class=\"wpforms-field-label\" for=\"wpforms-208-field_4\" >Wiadomo\u015b\u0107 e-mail i<\/label>\n\t\t\t<input type=\"text\" id=\"wpforms-208-field_4\" class=\"wpforms-field-medium\" name=\"wpforms[fields][4]\" >\n\t\t<\/div>\n\t\t<div id=\"wpforms-208-field_2-container\" class=\"wpforms-field wpforms-field-email\" data-field-id=\"2\"><label class=\"wpforms-field-label\" for=\"wpforms-208-field_2\">Adres e-mail <span class=\"wpforms-required-label\" aria-hidden=\"true\">*<\/span><\/label><input type=\"email\" id=\"wpforms-208-field_2\" class=\"wpforms-field-medium wpforms-field-required\" name=\"wpforms[fields][2]\" spellcheck=\"false\" aria-errormessage=\"wpforms-208-field_2-error\" required><\/div><div id=\"wpforms-208-field_3-container\" class=\"wpforms-field wpforms-field-textarea\" data-field-id=\"3\"><label class=\"wpforms-field-label\" for=\"wpforms-208-field_3\">Wiadomo\u015b\u0107<\/label><textarea id=\"wpforms-208-field_3\" class=\"wpforms-field-medium\" name=\"wpforms[fields][3]\" aria-errormessage=\"wpforms-208-field_3-error\" ><\/textarea><\/div><script>\n\t\t\t\t( function() {\n\t\t\t\t\tconst style = document.createElement( 'style' );\n\t\t\t\t\tstyle.appendChild( document.createTextNode( '#wpforms-208-field_4-container { position: absolute !important; overflow: hidden !important; display: inline !important; height: 1px !important; width: 1px !important; z-index: -1000 !important; padding: 0 !important; } #wpforms-208-field_4-container input { visibility: hidden; } #wpforms-conversational-form-page #wpforms-208-field_4-container label { counter-increment: none; }' ) );\n\t\t\t\t\tdocument.head.appendChild( style );\n\t\t\t\t\tdocument.currentScript?.remove();\n\t\t\t\t} )();\n\t\t\t<\/script><\/div><!-- .wpforms-field-container --><div class=\"wpforms-submit-container\" ><input type=\"hidden\" name=\"wpforms[id]\" value=\"208\"><input type=\"hidden\" name=\"page_title\" value=\"\"><input type=\"hidden\" name=\"page_url\" value=\"https:\/\/czpmed.pl\/index.php?rest_route=\/wp\/v2\/pages\/12\"><input type=\"hidden\" name=\"url_referer\" value=\"\"><button type=\"submit\" name=\"wpforms[submit]\" id=\"wpforms-submit-208\" class=\"wpforms-submit\" data-alt-text=\"Wysy\u0142anie...\" data-submit-text=\"Wy\u015blij\" aria-live=\"assertive\" value=\"wpforms-submit\">Wy\u015blij<\/button><img loading=\"lazy\" decoding=\"async\" src=\"https:\/\/czpmed.pl\/wp-content\/plugins\/wpforms-lite\/assets\/images\/submit-spin.svg\" class=\"wpforms-submit-spinner\" style=\"display: none;\" width=\"26\" height=\"26\" alt=\"Loading\"><\/div><\/form><\/div>  <!-- .wpforms-container --><\/div><\/div>\n\n\n\n<p><\/p>\n","protected":false},"excerpt":{"rendered":"<p>Jeste\u015bmy tutaj, aby pom\u00f3c. Skontaktuj si\u0119 z Centrum Zdrowia Psychicznego, aby um\u00f3wi\u0107 si\u0119 na wizyt\u0119 lub dowiedzie\u0107 si\u0119 wi\u0119cej o naszych us\u0142ugach. Twoje dobre samopoczucie jest naszym priorytetem.<\/p>\n","protected":false},"author":1,"featured_media":0,"parent":0,"menu_order":0,"comment_status":"closed","ping_status":"closed","template":"","meta":{"_kad_post_transparent":"","_kad_post_title":"","_kad_post_layout":"","_kad_post_sidebar_id":"","_kad_post_content_style":"","_kad_post_vertical_padding":"","_kad_post_feature":"","_kad_post_feature_position":"","_kad_post_header":false,"_kad_post_footer":false,"_kad_post_classname":"","footnotes":""},"class_list":["post-12","page","type-page","status-publish","hentry"],"_links":{"self":[{"href":"https:\/\/czpmed.pl\/index.php?rest_route=\/wp\/v2\/pages\/12","targetHints":{"allow":["GET"]}}],"collection":[{"href":"https:\/\/czpmed.pl\/index.php?rest_route=\/wp\/v2\/pages"}],"about":[{"href":"https:\/\/czpmed.pl\/index.php?rest_route=\/wp\/v2\/types\/page"}],"author":[{"embeddable":true,"href":"https:\/\/czpmed.pl\/index.php?rest_route=\/wp\/v2\/users\/1"}],"replies":[{"embeddable":true,"href":"https:\/\/czpmed.pl\/index.php?rest_route=%2Fwp%2Fv2%2Fcomments&post=12"}],"version-history":[{"count":21,"href":"https:\/\/czpmed.pl\/index.php?rest_route=\/wp\/v2\/pages\/12\/revisions"}],"predecessor-version":[{"id":216,"href":"https:\/\/czpmed.pl\/index.php?rest_route=\/wp\/v2\/pages\/12\/revisions\/216"}],"wp:attachment":[{"href":"https:\/\/czpmed.pl\/index.php?rest_route=%2Fwp%2Fv2%2Fmedia&parent=12"}],"curies":[{"name":"wp","href":"https:\/\/api.w.org\/{rel}","templated":true}]}}